{"id":337,"date":"2018-03-28T12:49:37","date_gmt":"2018-03-28T10:49:37","guid":{"rendered":"https:\/\/www.trestima.com\/w\/\/?page_id=337"},"modified":"2019-07-17T09:55:22","modified_gmt":"2019-07-17T07:55:22","slug":"koulutukset-materiaali","status":"publish","type":"page","link":"https:\/\/www.trestima.com\/w\/koulutukset-materiaali\/","title":{"rendered":"Koulutukset ja materiaali"},"content":{"rendered":"<p>[vc_row equal_height=&#8221;yes&#8221; css=&#8221;.vc_custom_1524220356449{margin-top: -150px !important;padding-right: 15px !important;padding-bottom: 70px !important;padding-left: 15px !important;}&#8221;][vc_column][vc_row_inner equal_height=&#8221;yes&#8221; gap=&#8221;30&#8243;][vc_column_inner css=&#8221;.vc_custom_1524218957270{background-color: #4b4b4a !important;background-position: center !important;background-repeat: no-repeat !important;background-size: cover !important;}&#8221; offset=&#8221;vc_col-lg-3 vc_col-md-6&#8243;]<div class=\"ult-content-box-container \" >\t<a class=\"ult-content-box-anchor\" href=\"\/w\/wp-content\/uploads\/2018\/06\/TRESTIMA_datasheet_fi.pdf\" target=\"_blank\" rel=\"noopener\" >\t\t<div class=\"ult-content-box\" style=\"background-color:#4b4b4a;box-shadow: px px px px none;padding-top:40px;padding-right:15px;padding-bottom:20px;padding-left:15px;-webkit-transition: all 700ms ease;-moz-transition: all 700ms ease;-ms-transition: all 700ms ease;-o-transition: all 700ms ease;transition: all 700ms ease;\"  data-hover_bg_color=\"rgba(194,210,106,0.29)\"  data-hover_box_shadow=\"none\"     data-bg=\"#4b4b4a\" >[vc_column_text el_class=&#8221;boxientekstit&#8221; css=&#8221;.vc_custom_1524478011636{padding-right: 10px !important;padding-left: 10px !important;}&#8221;]<\/p>\n<h3 style=\"text-align: center;\">TRESTIMA\u00ae<br \/>\nmets\u00e4nmittausj\u00e4rjestelm\u00e4<\/h3>\n<p style=\"text-align: center; color: #c2d26a;\">Lataa esite<\/p>\n<p>[\/vc_column_text]\t\t<\/div>\t<\/a><\/div>[\/vc_column_inner][vc_column_inner css=&#8221;.vc_custom_1524218967203{background-color: #4b4b4a !important;background-position: center !important;background-repeat: no-repeat !important;background-size: contain !important;}&#8221; offset=&#8221;vc_col-lg-3 vc_col-md-6&#8243;]<div class=\"ult-content-box-container \" >\t<a class=\"ult-content-box-anchor\" href=\"\/w\/wp-content\/uploads\/2018\/06\/TRESTIMA_Stack_datasheet_fi.pdf\" target=\"_blank\" rel=\"noopener\" >\t\t<div class=\"ult-content-box\" style=\"box-shadow: px px px px none;padding-top:40px;padding-right:15px;padding-bottom:20px;padding-left:15px;-webkit-transition: all 700ms ease;-moz-transition: all 700ms ease;-ms-transition: all 700ms ease;-o-transition: all 700ms ease;transition: all 700ms ease;\"  data-hover_bg_color=\"rgba(194,210,106,0.29)\"  data-hover_box_shadow=\"none\"    >[vc_column_text el_class=&#8221;boxientekstit&#8221; css=&#8221;.vc_custom_1524478021333{padding-right: 10px !important;padding-left: 10px !important;}&#8221;]<\/p>\n<h3 style=\"text-align: center;\">TRESTIMA\u00ae Stack<br \/>\npinomittausj\u00e4rjestelm\u00e4<\/h3>\n<p style=\"text-align: center; color: #c2d26a;\">Lataa esite<\/p>\n<p>[\/vc_column_text]\t\t<\/div>\t<\/a><\/div>[\/vc_column_inner][vc_column_inner css=&#8221;.vc_custom_1524218991212{background-color: #4b4b4a !important;}&#8221; offset=&#8221;vc_col-lg-3 vc_col-md-6&#8243;]<div class=\"ult-content-box-container \" >\t<a class=\"ult-content-box-anchor\" href=\"\/w\/wp-content\/uploads\/2019\/01\/TRESTIMA_k\u00e4ytt\u00f6ohje_fi_v1.3.pdf\" target=\"_blank\" rel=\"noopener\" >\t\t<div class=\"ult-content-box\" style=\"box-shadow: px px px px none;padding-top:40px;padding-right:15px;padding-bottom:20px;padding-left:15px;-webkit-transition: all 700ms ease;-moz-transition: all 700ms ease;-ms-transition: all 700ms ease;-o-transition: all 700ms ease;transition: all 700ms ease;\"  data-hover_bg_color=\"rgba(194,210,106,0.29)\"  data-hover_box_shadow=\"none\"    >[vc_column_text el_class=&#8221;boxientekstit&#8221; css=&#8221;.vc_custom_1524478050337{padding-right: 10px !important;padding-left: 10px !important;}&#8221;]<\/p>\n<h3 style=\"text-align: center;\">TRESTIMA\u00ae<br \/>\nmets\u00e4nmittausj\u00e4rjestelm\u00e4<\/h3>\n<p style=\"text-align: center; color: #c2d26a;\">Lataa k\u00e4ytt\u00f6ohje<\/p>\n<p>[\/vc_column_text]\t\t<\/div>\t<\/a><\/div>[\/vc_column_inner][vc_column_inner css=&#8221;.vc_custom_1524219003982{background-color: #4b4b4a !important;}&#8221; offset=&#8221;vc_col-lg-3 vc_col-md-6&#8243;]<div class=\"ult-content-box-container \" >\t<a class=\"ult-content-box-anchor\" href=\"\/w\/wp-content\/uploads\/2018\/06\/TRESTIMA_Stack_user_guide_en_v4.3.pdf\" target=\"_blank\" rel=\"noopener\" >\t\t<div class=\"ult-content-box\" style=\"box-shadow: px px px px none;padding-top:40px;padding-right:15px;padding-bottom:20px;padding-left:15px;-webkit-transition: all 700ms ease;-moz-transition: all 700ms ease;-ms-transition: all 700ms ease;-o-transition: all 700ms ease;transition: all 700ms ease;\"  data-hover_bg_color=\"rgba(194,210,106,0.29)\"  data-hover_box_shadow=\"none\"    >[vc_column_text el_class=&#8221;boxientekstit&#8221; css=&#8221;.vc_custom_1524478086518{padding-right: 10px !important;padding-left: 10px !important;}&#8221;]<\/p>\n<h3 style=\"text-align: center;\">TRESTIMA\u00ae Stack<br \/>\npinomittausj\u00e4rjestelm\u00e4<\/h3>\n<p style=\"text-align: center; color: #c2d26a;\">Lataa k\u00e4ytt\u00f6ohje<\/p>\n<p>[\/vc_column_text]\t\t<\/div>\t<\/a><\/div>[\/vc_column_inner][\/vc_row_inner][\/vc_column][\/vc_row][vc_row full_width=&#8221;stretch_row&#8221; css=&#8221;.vc_custom_1524479195398{padding-bottom: 50px !important;background-position: center !important;background-repeat: no-repeat !important;background-size: cover !important;}&#8221;][vc_column css=&#8221;.vc_custom_1524216748026{padding-right: 15px !important;padding-left: 15px !important;}&#8221;]<div id=\"ultimate-heading-520669e58732b14ae\" class=\"uvc-heading ult-adjust-bottom-margin ultimate-heading-520669e58732b14ae uvc-6411 \" data-hspacer=\"no_spacer\"  data-halign=\"center\" style=\"text-align:center\"><div class=\"uvc-heading-spacer no_spacer\" style=\"top\"><\/div><div class=\"uvc-main-heading ult-responsive\"  data-ultimate-target='.uvc-heading.ultimate-heading-520669e58732b14ae h2'  data-responsive-json-new='{\"font-size\":\"desktop:50px;\",\"line-height\":\"\"}' ><h2 style=\"--font-weight:theme;color:#3da336;margin-bottom:30px;\">Koulutukset<\/h2><\/div><\/div>[vc_column_text]<\/p>\n<p style=\"text-align: center;\">TRESTIMA-k\u00e4ytt\u00f6koulutus suositellaan j\u00e4rjestett\u00e4v\u00e4ksi k\u00e4ytt\u00f6\u00f6noton yhteydess\u00e4. Tulemme kouluttamaan asiakkaan luokse ja j\u00e4rjest\u00e4mme koulutuksia s\u00e4\u00e4nn\u00f6llisesti my\u00f6s omissa tiloissamme Tampereella.<\/p>\n<p style=\"text-align: center;\">Koulutus kest\u00e4\u00e4 yhden ty\u00f6p\u00e4iv\u00e4n ja koostuu sek\u00e4 sis\u00e4tiloissa k\u00e4yt\u00e4v\u00e4st\u00e4 teoriaosuudesta, ett\u00e4 ohjatuista maastoteht\u00e4vist\u00e4.<\/p>\n<p>[\/vc_column_text][vc_row_inner equal_height=&#8221;yes&#8221; css=&#8221;.vc_custom_1524220597173{padding-right: 15px !important;padding-left: 15px !important;}&#8221;][vc_column_inner css=&#8221;.vc_custom_1524563647111{padding-right: 15px !important;padding-left: 15px !important;}&#8221; offset=&#8221;vc_col-lg-4 vc_col-md-4 vc_hidden-sm vc_hidden-xs&#8221;][\/vc_column_inner][vc_column_inner css=&#8221;.vc_custom_1524220451762{padding-right: 15px !important;padding-left: 15px !important;}&#8221; offset=&#8221;vc_col-lg-4 vc_col-md-4&#8243;]<div class=\"ult-content-box-container boxiyksi\" >\t<a class=\"ult-content-box-anchor\" href=\"https:\/\/docs.google.com\/forms\/d\/1q_EtWmXCoz-5MHwKgxvQYaQOR9gf_JRCkZ7f6If0fH8\" >\t\t<div class=\"ult-content-box\" style=\"box-shadow: px px px px none;padding-top:30px;padding-right:15px;padding-bottom:20px;padding-left:15px;-webkit-transition: all 700ms ease;-moz-transition: all 700ms ease;-ms-transition: all 700ms ease;-o-transition: all 700ms ease;transition: all 700ms ease;\"  data-hover_bg_color=\"#d6d6d6\"  data-hover_box_shadow=\"none\"    ><div class=\"aio-icon-component    style_1\"><div id=\"Info-box-wrap-1912\" class=\"aio-icon-box square_box-icon\" style=\"\"  ><div class=\"aio-icon-description ult-responsive\"  data-ultimate-target='#Info-box-wrap-1912 .aio-icon-description'  data-responsive-json-new='{\"font-size\":\"\",\"line-height\":\"\"}'  style=\"color:#000000;\"><\/p>\n<p style=\"text-align: center;\"><strong>Katso lista koulutuksista<\/strong><\/p>\n<p style=\"text-align: center;\"><strong>ja ilmoittaudu mukaan<\/strong><\/p>\n<p><\/div> <!-- description --><\/div> <!-- aio-icon-box --><\/div> <!-- aio-icon-component -->\t\t<\/div>\t<\/a><\/div>[\/vc_column_inner][vc_column_inner css=&#8221;.vc_custom_1524563652960{padding-right: 15px !important;padding-left: 15px !important;}&#8221; offset=&#8221;vc_col-lg-4 vc_col-md-4 vc_hidden-sm vc_hidden-xs&#8221;][\/vc_column_inner][\/vc_row_inner][vc_empty_space height=&#8221;20px&#8221;][vc_column_text]J\u00e4rjestelm\u00e4n k\u00e4ytt\u00f6\u00f6notto ei edellyt\u00e4 koulutusta, mutta suosittelemme sit\u00e4 kaikille asiakkaillemme. Koulutus antaa vahvan pohjan j\u00e4rjestelm\u00e4n tehokkaalle ja taloudelliselle k\u00e4yt\u00f6lle.<\/p>\n<p>&nbsp;<\/p>\n<p>Tiloissamme tapahtuva koulutus sis\u00e4lt\u00e4\u00e4 kurssimateriaalin, harjoittelun n\u00e4ytekustannukset sek\u00e4 ruokailun. Koulutuksen l\u00e4p\u00e4isseet osallistujat ovat TRESTIMA\u00ae hyv\u00e4ksyttyj\u00e4 mittaajia ja saavat k\u00e4ytt\u00e4\u00e4 TRESTIMA\u00ae -logoa palveluidensa markkinoinnissa.[\/vc_column_text][vc_empty_space height=&#8221;40px&#8221;][\/vc_column][\/vc_row][vc_row full_width=&#8221;stretch_row&#8221; css=&#8221;.vc_custom_1524738478747{margin-bottom: -70px !important;padding-top: 50px !important;padding-bottom: 50px !important;background-image: url(https:\/\/www.trestima.com\/w\/\/wp-content\/uploads\/2018\/04\/trestima-oy-metsanmittausjarjestelma-metsasuunnittelijalle-viranomaisille.png?id=1025) !important;}&#8221;][vc_column width=&#8221;1\/6&#8243; offset=&#8221;vc_hidden-md vc_hidden-sm vc_hidden-xs&#8221;][\/vc_column][vc_column offset=&#8221;vc_col-lg-8 vc_col-md-12&#8243;]<div id=\"ultimate-heading-423869e58732b1890\" class=\"uvc-heading ult-adjust-bottom-margin ultimate-heading-423869e58732b1890 uvc-5882  uvc-heading-default-font-sizes\" data-hspacer=\"no_spacer\"  data-halign=\"center\" style=\"text-align:center\"><div class=\"uvc-heading-spacer no_spacer\" style=\"top\"><\/div><div class=\"uvc-main-heading ult-responsive\"  data-ultimate-target='.uvc-heading.ultimate-heading-423869e58732b1890 h2'  data-responsive-json-new='{\"font-size\":\"\",\"line-height\":\"\"}' ><h2 style=\"--font-weight:theme;color:#3da336;\">Tiedustelut<\/h2><\/div><\/div>[vc_column_text]<\/p>\n<p style=\"text-align: center;\">K\u00e4ytt\u00f6\u00f6n liittyviss\u00e4 kysymyksiss\u00e4 ota yhteys tukeen, koulutukseen liittyvist\u00e4 asioista voi kysell\u00e4 myynnist\u00e4.<\/p>\n<p>[\/vc_column_text][vc_column_text]<div role=\"form\" class=\"wpcf7\" id=\"wpcf7-f185-o1\" lang=\"fi\" dir=\"ltr\">\n<div class=\"screen-reader-response\"><p role=\"status\" aria-live=\"polite\" aria-atomic=\"true\"><\/p> <ul><\/ul><\/div>\n<form action=\"\/w\/wp-json\/wp\/v2\/pages\/337#wpcf7-f185-o1\" method=\"post\" class=\"wpcf7-form init\" novalidate=\"novalidate\" data-status=\"init\">\n<div style=\"display: none;\">\n<input type=\"hidden\" name=\"_wpcf7\" value=\"185\" \/>\n<input type=\"hidden\" name=\"_wpcf7_version\" value=\"5.6.3\" \/>\n<input type=\"hidden\" name=\"_wpcf7_locale\" value=\"fi\" \/>\n<input type=\"hidden\" name=\"_wpcf7_unit_tag\" value=\"wpcf7-f185-o1\" \/>\n<input type=\"hidden\" name=\"_wpcf7_container_post\" value=\"0\" \/>\n<input type=\"hidden\" name=\"_wpcf7_posted_data_hash\" value=\"\" \/>\n<\/div>\n<div class=\"wholeform\">\n<p><label> Valitse osoite <\/label><br \/>\n<span class=\"wpcf7-form-control-wrap\" data-name=\"radio-112\"><span class=\"wpcf7-form-control wpcf7-radio\"><span class=\"wpcf7-list-item first\"><input type=\"radio\" name=\"radio-112\" value=\"Myynti\" checked=\"checked\" \/><span class=\"wpcf7-list-item-label\">Myynti<\/span><\/span><span class=\"wpcf7-list-item last\"><input type=\"radio\" name=\"radio-112\" value=\"Tuki\" \/><span class=\"wpcf7-list-item-label\">Tuki<\/span><\/span><\/span><\/span><\/p>\n<div class=\"leftform\">\n<label> <span class=\"wpcf7-form-control-wrap\" data-name=\"your-name\"><input type=\"text\" name=\"your-name\" value=\"\" size=\"40\" class=\"wpcf7-form-control wpcf7-text wpcf7-validates-as-required\" aria-required=\"true\" aria-invalid=\"false\" placeholder=\"Nimi\" \/><\/span> <\/label><\/p>\n<p><label> <span class=\"wpcf7-form-control-wrap\" data-name=\"your-company\"><input type=\"text\" name=\"your-company\" value=\"\" size=\"40\" class=\"wpcf7-form-control wpcf7-text wpcf7-validates-as-required\" aria-required=\"true\" aria-invalid=\"false\" placeholder=\"Yritys tai yhteis\u00f6\" \/><\/span> <\/label><\/p>\n<p><label> <span class=\"wpcf7-form-control-wrap\" data-name=\"your-email\"><input type=\"email\" name=\"your-email\" value=\"\" size=\"40\" class=\"wpcf7-form-control wpcf7-text wpcf7-email wpcf7-validates-as-required wpcf7-validates-as-email\" aria-required=\"true\" aria-invalid=\"false\" placeholder=\"S\u00e4hk\u00f6posti\" \/><\/span> <\/label><\/p>\n<p><label> <span class=\"wpcf7-form-control-wrap\" data-name=\"tel-935\"><input type=\"tel\" name=\"tel-935\" value=\"\" size=\"40\" class=\"wpcf7-form-control wpcf7-text wpcf7-tel wpcf7-validates-as-required wpcf7-validates-as-tel\" aria-required=\"true\" aria-invalid=\"false\" placeholder=\"Puhelinnumero\" \/><\/span> <\/label><\/div>\n<div class=\"rightform\"><label> <span class=\"wpcf7-form-control-wrap\" data-name=\"your-message\"><textarea name=\"your-message\" cols=\"40\" rows=\"10\" class=\"wpcf7-form-control wpcf7-textarea\" aria-invalid=\"false\" placeholder=\"Viesti\"><\/textarea><\/span> <\/label><\/div>\n<p><input type=\"submit\" value=\"L\u00e4het\u00e4\" class=\"wpcf7-form-control has-spinner wpcf7-submit\" \/><\/p>\n<\/div>\n<div class=\"wpcf7-response-output\" aria-hidden=\"true\"><\/div><\/form><\/div>[\/vc_column_text][\/vc_column][vc_column width=&#8221;1\/6&#8243; offset=&#8221;vc_hidden-md vc_hidden-sm vc_hidden-xs&#8221;][\/vc_column][\/vc_row]<\/p>\n","protected":false},"excerpt":{"rendered":"<p>[vc_row equal_height=&#8221;yes&#8221; css=&#8221;.vc_custom_1524220356449{margin-top: -150px !important;padding-right: 15px !important;padding-bottom: 70px !important;padding-left: 15px !important;}&#8221;][vc_column][vc_row_inner equal_height=&#8221;yes&#8221; gap=&#8221;30&#8243;][vc_column_inner css=&#8221;.vc_custom_1524218957270{background-color: #4b4b4a !important;background-position: center !important;background-repeat: no-repeat !important;background-size: cover !important;}&#8221; offset=&#8221;vc_col-lg-3 vc_col-md-6&#8243;][\/vc_column_inner][vc_column_inner css=&#8221;.vc_custom_1524218967203{background-color: #4b4b4a !important;background-position: center !important;background-repeat: no-repeat !important;background-size: contain !important;}&#8221; offset=&#8221;vc_col-lg-3 vc_col-md-6&#8243;][\/vc_column_inner][vc_column_inner css=&#8221;.vc_custom_1524218991212{background-color: #4b4b4a !important;}&#8221; offset=&#8221;vc_col-lg-3 vc_col-md-6&#8243;][\/vc_column_inner][vc_column_inner css=&#8221;.vc_custom_1524219003982{background-color: #4b4b4a !important;}&#8221; offset=&#8221;vc_col-lg-3 vc_col-md-6&#8243;][\/vc_column_inner][\/vc_row_inner][\/vc_column][\/vc_row][vc_row full_width=&#8221;stretch_row&#8221; css=&#8221;.vc_custom_1524479195398{padding-bottom: 50px !important;background-position: center !important;background-repeat: no-repeat !important;background-size: cover !important;}&#8221;][vc_column&hellip;<\/p>\n","protected":false},"author":2,"featured_media":0,"parent":0,"menu_order":0,"comment_status":"closed","ping_status":"open","template":"","meta":{"_monsterinsights_skip_tracking":false,"_monsterinsights_sitenote_active":false,"_monsterinsights_sitenote_note":"","_monsterinsights_sitenote_category":0},"_links":{"self":[{"href":"https:\/\/www.trestima.com\/w\/wp-json\/wp\/v2\/pages\/337"}],"collection":[{"href":"https:\/\/www.trestima.com\/w\/wp-json\/wp\/v2\/pages"}],"about":[{"href":"https:\/\/www.trestima.com\/w\/wp-json\/wp\/v2\/types\/page"}],"author":[{"embeddable":true,"href":"https:\/\/www.trestima.com\/w\/wp-json\/wp\/v2\/users\/2"}],"replies":[{"embeddable":true,"href":"https:\/\/www.trestima.com\/w\/wp-json\/wp\/v2\/comments?post=337"}],"version-history":[{"count":52,"href":"https:\/\/www.trestima.com\/w\/wp-json\/wp\/v2\/pages\/337\/revisions"}],"predecessor-version":[{"id":2819,"href":"https:\/\/www.trestima.com\/w\/wp-json\/wp\/v2\/pages\/337\/revisions\/2819"}],"wp:attachment":[{"href":"https:\/\/www.trestima.com\/w\/wp-json\/wp\/v2\/media?parent=337"}],"curies":[{"name":"wp","href":"https:\/\/api.w.org\/{rel}","templated":true}]}}